) be the first derivative of q**6/120 + q**5/6 - 3*q**4/8 - 2*q**3/3 + q**2/2 + 14*q + 6. Let o(k) be the second derivative of s(k). What is o(-11)?
-26
Let g be (4/2)/(-11*(-22)/605). Let w(t) = 0 + 5*t + 2 - 2 - 3. Determine w(g).
22
Suppose n = 2*n + 2. Let t(u) be the second derivative of u**4/6 + u**3/6 + u**2/2 - 2*u - 1502. Calculate t(n).
7
Let t(q) = 117. Let u(v) = 5*v - 310. Let a(b) = 6*t(b) + 2*u(b). Calculate a(-9).
-8
Let a(n) = n**2 - 4*n - 6. Let r(m) = -m**3 + 17*m**2 - 18*m + 3. Let t be r(16). Let j be (-21)/(-5) + -5 + t/(-5). What is a(j)?
-1
Let l = 61 - 56. Let p be 2 + -2 - ((-30)/3)/l. Let u(n) = -5*n**2 - 6*n + n + 2*n**p - 1 + 2*n**2. Determine u(-5).
-1
Suppose 342 = 508*f - 546*f. Let p(n) = -10*n**2 - 96*n - 48. Give p(f).
6
Let r(g) be the second derivative of -g**4/3 - 11*g**2 + g - 1. Let y(x) = -2*x**2 - 12. Let t(w) = 6*r(w) - 11*y(w). Give t(-3).
-18
Suppose 0 = -4*v + b - 29, 18 = -24*v + 21*v + 2*b. Let g(x) = -x**2 - 10*x - 21. Give g(v).
-5
Let c(y) = y**3 - 7*y**2 - 12*y - 2. Let n(u) = -u**3 - 32*u**2 - 19*u + 40. Let o be n(-32). Suppose 7*t + 585 - o = 0. What is c(t)?
52
Let x = 3159 + -3157. Let l(i) be the first derivative of -1/2*i**x + i - 16. What is l(1)?
0
Let b(a) = 68*a**2 - 4*a - 67*a**2 + 688 - 689. What is b(3)?
-4
Let p(r) = -262*r + 6 + 2 + r**2 - 5 - 262*r - 2 + 526*r. Let v be 4/(-18) + 7/(-9). What is p(v)?
0
Let j be -9 - -79 - -8 - -6. Let m be 24/j + (-102)/14. Let c(o) = -o. Calculate c(m).
7
Let q(w) = 5 - 2*w**2 - 3*w**2 - w**3 - 6*w + 2 + 2*w**3. Suppose 50*n - 74 = 226. Calculate q(n).
7
Suppose -4*n - n = -10*n. Let f(l) = -5 - 12 - 6 + 2 + n - l. Determine f(-25).
4
Let k be (-5 - (-9)/(-5)*-5)*1. Let x(v) = 2*v**2 - 11*v - 7. What is x(k)?
-19
Let r(y) = y + 2. Suppose z + 13 = 15. Suppose -u + s = z, 2*s - 10 = -3*u + s. Give r(u).
4
Let o = -2 - 3. Let f(b) be the first derivative of -b**2 + 2*b + 7260. What is f(o)?
12
Let c(v) = 4*v**3 + 2*v**2 - 16*v - 43. Let a(n) = n**3 - 4*n - 11. Let d(o) = 11*a(o) - 3*c(o). Suppose -i - 21 = 3*l, 5*i - 2*i + 3*l = -33. Calculate d(i).
-16
Let z(i) be the first derivative of i**2 + 6*i - 1. Let a = -473 + 469. Let c(u) = -u - 5. Let r(f) = a*z(f) - 5*c(f). Give r(-3).
10
Let y be -1*(6 + -4 - -51). Let b = y - -57. Let v(z) = 3*z - 1. Determine v(b).
11
Let x(s) = 6*s**2 + 71*s + 108. Let n(h) = 2*h**2 + 24*h + 35. Let t(f) = -8*n(f) + 3*x(f). Let v be t(-4). Let j(q) = q**3 + 7*q**2 - 9*q - 11. What is j(v)?
-3
Let z be (76/(-6))/(4/(-6)). Let p(y) = -7 - 7*y + z + 5*y. Let i be (-78)/65*(-6 + (-10)/15). Determine p(i).
-4
Let w(z) = 12*z - 2. Suppose 5 = -5*g - 5. Determine w(g).
-26
Let f(z) = -2*z**3 - 6*z**2 + 4. Let r(w) = 2*w**3 + 5*w**2 - 3. Let l(h) = 3*f(h) + 4*r(h). Let x = -25 - -12. Let a be 4/10*(x + 8). Determine l(a).
-8
Let g(q) be the second derivative of q**4/12 + q**3/6 - q**2 - 5*q. Suppose -w - 12 = d, 8 = -d - w - w. Let o = d + 14. Calculate g(o).
0
Suppose -3*k + 139*d - 48 = 136*d, k - 2 = -5*d. Let c(s) = s**3 + 13*s**2 - 3*s - 3. What is c(k)?
36
Suppose 6 = -4*u + 2. Let r be (1 - (2 - u))/(18/27). Let w(c) = -c**3 - 5*c**2 - 5*c - 3. What is w(r)?
-6
Let v = -112 + 124. Suppose -v*t = -20*t + 104. Let x(k) = -k + 18. Let a be x(t). Let f(i) = i**2 - 4*i - 2. Give f(a).
3
Let h = -217 + 225. Let d = 2 + h. Let r(v) = v**2 - 10*v + 2. Determine r(d).
2
Let x(o) = -5*o - 5. Let d be (-66)/17 + (-2)/17. Let w(y) = y**3 + 3*y**2 + 2*y + 20. Let j be w(d). Give x(j).
15
Let h be ((-4)/(-2) - 11) + 2. Suppose -3*z - 18 = -3*d, -2*d - 4 + 0 = 2*z. Let c(m) = -6 + 5 - m + 4 - d - 2. Determine c(h).
6
Let u(h) be the first derivative of h**3/3 - 2*h**2 + h + 21231. Suppose -3*k = 15, k + 5 = -3*r - 12. Calculate u(r).
33
Let k(w) = -w**2 - 20*w - 106. Let b(i) = 7*i**2 + 138*i + 737. Let m(v) = 2*b(v) + 15*k(v). Determine m(-17).
3
Suppose -68*l + 128 = -196*l. Let t(f) = f**3 + 3*f**2 + f + 1. Let s(r) = -5*r**3 - 16*r**2 - 5*r - 5. Let a(o) = 2*s(o) + 11*t(o). Calculate a(l).
0
Let p be 2 - 1/(-2)*-2. Let a(g) = p - 6*g + g + 11*g. Calculate a(-3).
-17
Let o(n) = 7*n**3 - 2*n**2 - 12*n + 9. Let w(q) = 5*q**3 - q**2 - 10*q + 9. Let t(u) = -2*o(u) + 3*w(u). What is t(2)?
9
Let l(m) = m**3 + 10*m**2 - 23*m + 11. Let a(x) = -x**3 - 5*x**2 + 40*x + 192. Let b be a(-6). Give l(b).
-1
Let g(t) = -7*t + 4. Let c = -21 + 8. Let l(b) = 11*b - 12. Let d(r) = r + 1. Let z(u) = 4*d(u) + l(u). Let i(v) = c*g(v) - 6*z(v). Determine i(-4).
-8
Let k(x) = -5*x**3 + 12*x**2 - 3*x + 5. Let c(h) = -4 - 2*h + 67*h**2 - 78*h**2 + 4*h + 4*h**3. Let w(y) = 6*c(y) + 5*k(y). What is w(-3)?
-17
Let t be (-88)/(-28) + (-9)/63. Let a(o) = -8*o - 9*o - t*o + 21*o. Determine a(-7).
-7
Let r(p) = -p**2 - 35*p + 76. Let v be r(-37). Let t(j) = 236*j**3 - j - 247*j**3 - j**v + 0*j. Determine t(-1).
11
Suppose -5*g = -3*m - 7, -5*m - 1 = -g - 4. Suppose 35 = -9*y + g*y. Let c(k) = -3*k - 3. Give c(y).
12
Let m(z) = -4*z**3 - z + 3. Let y(i) = -11*i**3 + 5*i**2 - 10*i + 61. Let t(k) = -3*m(k) + y(k). Give t(-7).
3
Let q(z) = 2*z - 38. Let r = 14346 + -14331. Give q(r).
-8
Let s(d) = -2*d**3 + d**2 - d - 1. Suppose 104*x = 95*x. Suppose 11*v = -x*v + 33. Determine s(v).
-49
Let z(d) = -29*d + 36. Let o be ((-40)/(-25))/(((-15)/(-25))/3). Let i(y) = -46*y + 54. Let s(q) = o*z(q) - 5*i(q). Determine s(6).
6
Let u(g) = 4*g**2 + 1. Let a(i) = -5*i**2 - 2. Let b(o) = 3*a(o) + 4*u(o). Suppose 64*s - 724*s = -104*s + 3336. Calculate b(s).
34
Suppose 5*v - 4*u = -6, -2*v - 52*u = -56*u - 12. Let g(a) = 5*a**2 + 27*a - 2. Determine g(v).
16
Let x(f) = f**3 + f**2 - 5*f - 5. Let a = 401 + -407. Let y(l) = -l**3 - l**2 + 6*l + 6. Let b(o) = a*y(o) - 7*x(o). Determine b(0).
-1
Let r(l) = -2*l - 20. Let t be r(-26). Let s(h) = -4 + 14*h - t*h + 12*h. Give s(3).
-22
Let p(t) = 6*t**2 - 19*t + 4. Let q(f) = 3*f**2 - f. Let x(k) = -17*k**2 + 21*k - 4. Let g(l) = 4*q(l) + x(l). Let r(y) = 5*g(y) + 4*p(y). Determine r(7).
10
Let d(j) be the second derivative of -j**5/20 + 29*j**4/12 - 9*j**3 - 17*j**2/2 - 2*j - 2806. What is d(27)?
-17
Suppose 9*p + 9*p - 169 = 5*p. Let b(m) = -m. Determine b(p).
-13
Let l(t) be the third derivative of -t**5/30 - 5*t**4/24 - t**3/2 - 3*t**2 + 12. Let s = 8 - 11. Calculate l(s).
-6
Let k(y) = 24*y**3 + 23*y**2 - 31*y + 32. Let g(v) = 13*v**3 + 12*v**2 - 16*v + 19. Let c(w) = 11*g(w) - 6*k(w). Let l = 40 + -47. Determine c(l).
-4
Suppose 12*t + 1702 - 5890 = 0. Let w = -354 + t. Let x(m) = -m**3 - 6*m**2 - 8*m - 10. What is x(w)?
5
Let s(j) be the second derivative of -1/6*j**3 + 0*j**2 + 2*j + 4. Calculate s(7).
-7
Let n(i) be the second derivative of -11*i**3/3 - 3*i**2 + 32*i - 18. Determine n(5).
-116
Let u be (-16)/(-12)*-1 - 219/(-9). Let w(i) = i**2 - 19*i - 94. What is w(u)?
-2
Suppose -3*g - 15 = -4*p, 63 = 5*p + 4*g + 21. Suppose -c + 16 = 2*i, 4*i - 48 = c - 4. Let h(f) = 14 - 6 - i + f. What is h(p)?
4
Let d(w) = w**3 + 9*w**2 + 12*w + 1145. Let m be d(-14). Let k(c) be the first derivative of -c**4/4 - c**3/3 + 3*c**2 + 7*c - 1. Calculate k(m).
7
Let c(b) = -b**3 - 3*b**2 - 5*b - 10. Let l be (-6 + (-36)/(-8))/((-12)/(-32)). Determine c(l).
26
Suppose -4*k = 3*g - 20 + 14, 5*k + 2 = g. Suppose k = 9*c + 14*c. Let l(v) = -v**3 - 6. Determine l(c).
-6
Let n(r) be the first derivative of r**3/3 - 9*r**2/2 - 57*r + 1267. Give n(-4).
-5
Let k(j) = j**2 + 7*j - 5. Suppose -7*z + 8 = t - 3*z, -3*t + 16 = 4*z. Let d be t + 14/4*-2. Let p(a) = -5*a - 22. Let b be p(d). What is k(b)?
-5
Let a(u) = u**2 - 6*u - 5. Let n be a(6). Let l(v) = 5*v - 111. Let x(g) = -6*g + 150. Let i(y) = -4*l(y) - 3*x(y). What is i(n)?
4
Let a(m) = m - 22. Suppose -5*d + 4*z = 26 - 152, 0 = d + 2*z - 28. Determine a(d).
4
Let a = 73 - 69. Let p be 8 + (5/10)/((-2)/a). Let s(h) = 4*h**2 + 11*h. Let d(m) = -5*m**2 - 12*m + 1. Let z(w) = 5*d(w) + 6*s(w). What is z(p)?
-2
Let u(d) = -d + 25. Let h(x) = -x**3 - 2*x**2 + 7*x + 11. Let m be h(-4). Calculate u(m).
10
Let h(c) = 2*c**2 + 8*c - 1. Let l(z) = z**2 - 70*z + 131. Let n be l(68). What is h(n)?
9
Let r(n) = 5*n**2 + 21*n - 13. Let q(b) = 2*b**2 + 9*b - 6. Let j(v) = 7*q(v) - 3*r(v). Give j(0).
-3
Suppose -372*u - 56 = -380*u. Let y(z) = -6*z**2 + 4 - u*z - 21*z**2 + 44*z**2 - 16*z**2. Give y(